2 = -i. Suppose 557 = 5*d - t, 2*d - 5*t = 231 - 22. What is the greatest common factor of d and w?
16
Suppose 2*u = -5*u + 455. Let p = 3 + u. What is the greatest common divisor of 17 and p?
17
Let n be 18/135 + (-146)/(-30). Let c = 10 - n. What is the highest common factor of c and 15?
5
Suppose -2*h - 48 = -0*h. Let c be -42*-3*(-4)/h. What is the highest common factor of c and 168?
21
Let d(j) be the first derivative of -j**3/3 + 4*j**2 - 3*j + 47. Let s be d(5). What is the highest common factor of 18 and s?
6
Let x be 276/(-15)*(-100)/40. Let i be (-4 + 1)*(-2)/3. Suppose i*d + 15 = l, 111 = 5*l + 4*d - 20. Calculate the greatest common divisor of l and x.
23
Suppose 2*a = -a + 21. Let w be 605/35 - 2/a. Suppose i - 97 = -5*x, 303 = 3*i - 0*i + 3*x. Calculate the highest common divisor of i and w.
17
Let n(r) = 3*r**2 + 83*r - 18. Let j be n(-28). Calculate the highest common divisor of j and 8.
2
Let z(j) = j**2 - 15*j - 94. Let f be z(21). What is the greatest common divisor of f and 32?
32
Let m(h) = h**3 + 5*h**2 - 22*h - 2. Let j be m(-7). Let t be (1 - (-7)/(-3))/(2/(-9)). What is the greatest common divisor of j and t?
6
Suppose -14*y = -13*y + 3*z - 28, -15 = -5*z. Calculate the greatest common factor of y and 17.
1
Let r(d) = 7*d + 1. Let f be r(2). Suppose -2*n = -3*n + 30. What is the highest common divisor of n and f?
15
Let v(t) = -2*t**2 - 51*t + 29. Let l be v(-26). What is the greatest common factor of 57 and l?
3
Let m = 9 + -12. Let n = 14 + m. Let x be (-1 - -3) + 371/7. Calculate the greatest common divisor of n and x.
11
Let w = 31 - 33. Let g be 1*w + 34/17. Suppose -p = -g*p - 5. Calculate the greatest common factor of p and 35.
5
Let j = -507 + 523. Let q be 1/((-1)/(-126)) + 2. What is the greatest common factor of j and q?
16
Let r = 286 + -217. What is the greatest common factor of 6 and r?
3
Let u = -156 - -191. What is the greatest common divisor of 385 and u?
35
Let o(s) = -2*s**3 - 11*s**2 - 11*s - 7. Let m be o(-7). Let r(d) = d**2 + 12*d + 58. Let g be r(-9). Calculate the greatest common divisor of g and m.
31
Suppose 3*q - 2*d = -32, -2*q = -q + 2*d. Let t be 300/q*(-288)/20. Let p be (3/(-6))/((-5)/t). Calculate the greatest common factor of 18 and p.
18
Suppose -d - 4*d + 564 = 4*t, -664 = -5*t + 4*d. Suppose 0*f - 17 = -f. What is the greatest common factor of t and f?
17
Suppose 2*v + 91 = -11*v. Let c(y) = 5*y**2 - 13*y - 14. Let j be c(v). What is the highest common factor of j and 46?
46
Let v be -19 - (3/(-7))/((-7)/49). Let l = v + 39. What is the highest common factor of 34 and l?
17
Let i be 35*(-70)/(-15)*(-9)/(-10). What is the highest common divisor of i and 196?
49
Suppose 0 = -3*a - w + 736, 5*a = -7*w + 8*w + 1240. What is the highest common divisor of 57 and a?
19
Let y = 13 + -7. Let d be (-13*6/(-234))/(2/90). Calculate the greatest common divisor of y and d.
3
Suppose 25 - 13 = g + 2*r, 4*g - 3*r = 15. What is the greatest common divisor of g and 64?
2
Let o be 48/(-40) - 1/(-5). Let v = 15 + o. Calculate the highest common factor of v and 182.
14
Let a = 993 + -975. What is the greatest common divisor of a and 261?
9
Suppose t = -4, -25 - 3 = -2*v + 3*t. Let j be v/14 + (-135)/(-21). Let i(z) = -z**2 + 9*z. Let l be i(j). What is the highest common divisor of 28 and l?
14
Let d(l) be the third derivative of -l**6/120 - 13*l**5/60 + 11*l**4/12 - 5*l**3/6 + 31*l**2. Let o be d(-15). Calculate the highest common divisor of 23 and o.
23
Let w(r) = r**3 + 14*r**2 + 11*r - 128. Let y be w(-12). Let g(n) = n**3 + 3*n**2 - n + 1. Let b be g(-2). Calculate the greatest common factor of y and b.
7
Suppose j - 5*g = -g - 368, 0 = -3*j - g - 1052. Let p be ((-30)/(-8))/((-11)/j). What is the greatest common divisor of p and 15?
15
Let w(n) = n**3 + 11*n**2 + 8*n - 13. Let r be w(-10). Let z be ((-84)/(-8))/r*2. Calculate the highest common factor of z and 24.
3
Let h(l) = -4 - 1 - 2 - l. Suppose -215*j - 33 = -212*j. Let o be h(j). Calculate the greatest common factor of o and 44.
4
Let h be 38/((40/5)/(-4)). Let a(k) = -4*k - 41. Let l be a(h). What is the highest common factor of 385 and l?
35
Let u be 18/(-4)*(-6)/9. Let i(r) = r - 8. Let g be i(11). Suppose -2*m = g*m - 5. What is the highest common divisor of m and u?
1
Let z = 1024 - 1023. Calculate the highest common factor of z and 9.
1
Let b be (-3)/(-1)*44/3. Let o = b - 159. Let h = 199 + o. Calculate the greatest common factor of 56 and h.
28
Let j = 156 - 136. What is the highest common factor of j and 190?
10
Suppose -3 - 1 = 2*h. Let n(u) = -6*u - 9*u - 10*u. Let a be n(h). Calculate the highest common factor of a and 10.
10
Let g(n) = -4*n**3 + 2*n**2 + n. Let p be g(-3). Suppose -2*l = 21 - p. Let x be (102/(-8))/((-27)/72). Calculate the highest common divisor of l and x.
17
Let u(o) = 2*o**2 - 2. Let i be u(5). Let k be i/5 - 24/40. What is the highest common divisor of k and 63?
9
Suppose 0 = -4*b + 2*b. Suppose z - 6*z + 140 = b. Let a be 4/(-6) - (-3704)/12. Calculate the highest common factor of z and a.
28
Suppose -6*v = 502 - 1432. Suppose 4*n = 3*u - v, 2*u + n - 33 - 63 = 0. Calculate the highest common factor of 7 and u.
7
Suppose 2*g + t = 466, 0*g = 3*g + 2*t - 697. Calculate the highest common divisor of 141 and g.
47
Let q(n) = -3*n - 7. Let i be q(-5). Let m be (-16)/120 - (-122)/15. Calculate the highest common factor of i and m.
8
Let q = -124 - -225. Let c = -99 + q. Calculate the highest common divisor of 3 and c.
1
Suppose -29*j = -13*j - 22032. Calculate the greatest common divisor of 17 and j.
17
Let k(y) = y**2 + 62*y + 24. Let n be k(-62). What is the greatest common divisor of n and 276?
12
Let b be 6/(19 + -7)*10. What is the greatest common factor of 115 and b?
5
Let h = 85 - 10. Suppose -5*j + 580 = 4*p, 236 = 3*j - 5*p - h. Suppose 58 = -128*l + 1850. Calculate the greatest common factor of j and l.
14
Let s(g) = -197*g + 2. Let f be s(-4). What is the highest common factor of 10 and f?
10
Suppose 10*u + 1208 = 4*v + 5*u, 5*v + u = 1481. What is the greatest common factor of 33 and v?
33
Suppose -4*i + 255 = 5*p, i - 3*p - 11 = 74. Suppose -5*u = 5*h + 460, -4*u = -5*h + 300 - 796. Let j = -86 - h. Calculate the highest common factor of j and i.
10
Let i(c) = 2*c - 7. Let a(b) = b + 1. Let u(v) = 5*a(v) - i(v). Let q be u(-3). Calculate the greatest common factor of 9 and q.
3
Suppose -2*m - 62 = -3*k + 2*k, 3*k - 2*m = 174. Let u = 20 + k. Calculate the greatest common factor of 57 and u.
19
Suppose 3*o + d = 49, 0 = 3*o - 4*d - 0*d - 44. Calculate the greatest common factor of 80 and o.
16
Suppose -1717*o = -1711*o - 684. Calculate the highest common divisor of 1083 and o.
57
Suppose 5*n = 9*n - 276. Let b = 127 - n. What is the highest common factor of b and 638?
58
Let p = 1279 - 1269. What is the greatest common factor of 210 and p?
10
Suppose -5*r = 4*n - 910, -5*n - 2*r = 96 - 1242. Calculate the greatest common divisor of 10 and n.
10
Let y(k) = 4*k**2 - 43*k - 357. Let j be y(-7). What is the greatest common divisor of j and 60?
20
Suppose w + 2*f + f - 112 = 0, -3*f = 3. Calculate the greatest common factor of 15 and w.
5
Let c be (-6)/(636/(-210) + 3). Calculate the greatest common factor of c and 42.
42
Suppose -3 = h - 3*v + 6, 3 = 5*h + v. Let k(o) = -8 + 26*o - o**2 - 19*o + h*o**2. Let t be k(5). Calculate the highest common divisor of t and 5.
1
Let y(x) = -2*x + 54. Let j(m) = -1. Let k(t) = -2*j(t) + y(t). Let l be k(0). Let r be 6 + -5 + (5 - -1). Calculate the greatest common factor of r and l.
7
Suppose 131*w - 106*w - 3325 = 0. What is the greatest common divisor of 19 and w?
19
Let y = 113 - 36. What is the highest common factor of y and 55?
11
Let d(p) = -16*p - 37. Let x(t) = -49*t - 112. Let r(j) = -8*d(j) + 3*x(j). Let i be r(-10). Calculate the highest common divisor of 15 and i.
15
Suppose 21*n - 72 = 13*n. Suppose -4*d + 2*w = -16, -22 = -4*d + 6*w - w. Suppose n = -0*y + d*y. Calculate the greatest common divisor of y and 3.
3
Let x = 15 - 11. Suppose x*k - 22 = 2*p, -3*p - 13 - 11 = -3*k. Suppose 2*d = 5*d + k*j - 33, -j + 22 = 2*d. What is the greatest common divisor of d and 44?
11
Suppose 49 = p + 3*p - w, -2*p + 23 = -w. Let f = 965 - 926. Calculate the 